it of 46510?
1
What is the thousands digit of 2140278?
0
What is the ten thousands digit of 927139?
2
What is the units digit of 514725?
5
What is the ten millions digit of 13098650?
1
What is the millions digit of 8123749?
8
What is the thousands digit of 3618380?
8
What is the thousands digit of 215315?
5
What is the thousands digit of 122357?
2
What is the ten thousands digit of 12837?
1
What is the hundreds digit of 1923975?
9
What is the tens digit of 664517?
1
What is the hundred thousands digit of 12146820?
1
What is the hundred thousands digit of 571663?
5
What is the units digit of 337713?
3
What is the units digit of 37630?
0
What is the ten thousands digit of 353121?
5
What is the hundreds digit of 37105578?
5
What is the hundreds digit of 3881822?
8
What is the hundreds digit of 8074241?
2
What is the ten thousands digit of 430841?
3
What is the thousands digit of 11329590?
9
What is the ten thousands digit of 9011438?
1
What is the units digit of 3609683?
3
What is the hundreds digit of 686925?
9
What is the tens digit of 80554?
5
What is the units digit of 346119?
9
What is the hundreds digit of 5959800?
8
What is the hundred thousands digit of 151938?
1
What is the hundred thousands digit of 928667?
9
What is the hundreds digit of 492017?
0
What is the tens digit of 7782182?
8
What is the tens digit of 8203943?
4
What is the hundreds digit of 3820469?
4
What is the thousands digit of 4001396?
1
What is the hundred thousands digit of 997744?
9
What is the ten millions digit of 12878313?
1
What is the tens digit of 1560921?
2
What is the thousands digit of 309621?
9
What is the tens digit of 2499757?
5
What is the units digit of 7462143?
3
What is the millions digit of 1144819?
1
What is the thousands digit of 14216958?
6
What is the thousands digit of 2300749?
0
What is the units digit of 37732?
2
What is the millions digit of 3694246?
3
What is the millions digit of 3142962?
3
What is the ten thousands digit of 142153?
4
What is the hundred thousands digit of 349403?
3
What is the hundreds digit of 1830?
8
What is the hundreds digit of 26957071?
0
What is the thousands digit of 19787859?
7
What is the thousands digit of 521670?
1
What is the thousands digit of 53175?
3
What is the ten thousands digit of 385667?
8
What is the units digit of 25839148?
8
What is the hundreds digit of 9047074?
0
What is the hundred thousands digit of 27514706?
5
What is the hundred thousands digit of 2837963?
8
What is the hundreds digit of 2613810?
8
What is the tens digit of 1563376?
7
What is the millions digit of 1885511?
1
What is the hundred thousands digit of 12421042?
4
What is the units digit of 963091?
1
What is the tens digit of 161100?
0
What is the hundreds digit of 296710?
7
What is the ten thousands digit of 209781?
0
What is the thousands digit of 7238314?
8
What is the ten thousands digit of 18651057?
5
What is the hundreds digit of 6438037?
0
What is the thousands digit of 471408?
1
What is the hundred thousands digit of 9041774?
0
What is the hundred thousands digit of 6512744?
5
What is the thousands digit of 5414973?
4
What is the tens digit of 212971?
7
What is the thousands digit of 420110?
0
What is the hundreds digit of 5552024?
0
What is the thousands digit of 97591?
7
What is the millions digit of 2876191?
2
What is the hundreds digit of 1354771?
7
What is the hundreds digit of 747675?
6
What is the units digit of 434815?
5
What is the hundred thousands digit of 4498512?
4
What is the hundred thousands digit of 1089605?
0
What is the ten thousands digit of 4131084?
3
What is the ten thousands digit of 5482088?
8
What is the ten thousands digit of 1204622?
0
What is the tens digit of 4862218?
1
What is the hundreds digit of 6952153?
1
What is the hundred thousands digit of 3854702?
8
What is the ten thousands digit of 244255?
4
What is the ten millions digit of 35370220?
3
What is the thousands digit of 291730?
1
What is the thousands digit of 6850863?
0
What is the units digit of 120686?
6
What is the hundred thousands digit of 441174?
4
What is the thousands digit of 720657?
0
What is the ten thousands digit of 1748881?
4
What is the ten thousands digit of 1030348?
3
What is the millions digit of 1167635?
1
What is the ten thousands digit of 8121878?
2
What is the units digit of 4101601?
1
What is the millions digit of 18363712?
8
What is the units digit of 1212579?
9
What is the units digit of 70755?
5
What is the tens digit of 29393798?
9
What is the tens digit of 51776?
7
What is the thousands digit of 3490508?
0
What is the tens digit of 2134322?
2
What is the hundred thousands digit of 1137297?
1
What is the tens digit of 111146?
4
What is the hundreds digit of 258772?
7
What is the hundreds digit of 5225531?
5
What is the hundred thousands digit of 2889879?
8
What is the units digit of 149301?
1
What is the units digit of 295638?
8
What is the units digit of 1906032?
2
What is the ten millions digit of 17528901?
1
What is the hundreds digit of 59473?
4
What is the hundred thousands digit of 599563?
5
What is the hundreds digit of 448213?
2
What is the ten thousands digit of 4171055?
7
What is the millions digit of 1628931?
1
What is the tens digit of 4596964?
6
What is the hundred thousands digit of 982772?
9
What is the ten thousands digit of 6612812?
1
What is the millions digit of 15913039?
5
What is the hundreds digit of 1526962?
9
What is the thousands digit of 580655?
0
What is the hundreds digit of 61150?
1
What is the ten millions digit of 11927350?
1
What is the ten thousands digit of 1395699?
9
What is the tens digit of 2394920?
2
What is the ten millions digit of 15586000?
1
What is the tens digit of 5361401?
0
What is the thousands digit of 619551?
9
What is the ten thousands digit of 179209?
7
What is the units digit of 419195?
5
What is the ten millions digit of 15808320?
1
What is the thousands digit of 971020?
1
What is the thousands digit of 218935?
8
What is the units digit of 5991181?
1
What is the ten thousands digit of 2515662?
1
What is the millions digit of 3158529?
3
What is the units digit of 305003?
3
What is the tens digit of 24123401?
0
What is the ten thousands digit of 3499636?
9
What is the hundreds digit of 7359652?
6
What is the tens digit of 191870?
7
What is the hundred thousands digit of 1130829?
1
What is the tens digit of 29061544?
4
What is the tens digit of 143191?
9
What is the hundreds digit of 344961?
9
What is the hundreds digit of 2239708?
7
What is the ten thousands digit of 2774487?
7
What is the thousands digit of 1720931?
0
What is the units digit of 1787861?
1
What is the thousands digit of 778227?
8
What is the thousands digit of 89885?
9
What is the millions digit of 21758652?
1
What is the thousands digit of 7553493?
3
What is the ten millions digit of 27890402?
2
What is the thousands digit of 509641?
9
What is the units digit of 113391?
1
What is the ten thousands digit of 5298974?
9
What is the units digit of 29035?
5
What is the hundred thousands digit of 6554803?
5
What is the thousands digit of 262812?
2
What is the thousands digit of 410971?
0
What is the tens digit of 1507023?
2
What is the ten thousands digit of 6139799?
3
What is the millions digit of 10297947?
0
What is the units digit of 2897542?
2
What is the hundred thousands digit of 369925?
3
What is the thousands digit of 362688?
2
What is the units digit of 8234726?
6
What is the hundred thousands digit of 1186115?
1
What is the hundreds digit of 2531647?
6
What is the hundreds digit of 1633834?
8
What is the hundreds digit of 16088766?
7
What is the units digit of 2361982?
2
What is the hundred thousands digit of 1054962?
0
What is the thousands digit of 2760285?
0
What is the ten thousands digit of 4806508?
0
What is the units digit of 5409602?
2
What is the thousands digit of 716151?
6
What is the units digit of 14079289?
9
What is the hundreds digit of 22266368?
3
What is the hundred thousands digit of 6406119?
4
What is the hundred thousands digit of 684602?
6
What is the millions digit of 23133933?
3
What is the units digit of 2509632?
2
What is the ten thousands digit of 140369?
4
What is the millions digit of 9711372?
9
What is the hundred thousands digit of 5440713?
4
What is the hu